+ 4?
5
Suppose -3*o - 96*c + 87987 = -105*c, 3*c = 4*o - 117235. What is the thousands digit of o?
9
Let a(v) = -8*v**3 - 219*v**2 - 40*v + 21. What is the units digit of a(-30)?
1
Let v = -115 - -115. Suppose 25*x - 10*x - 5760 = v. What is the tens digit of x?
8
Let v be ((-2)/4)/((-74)/46620). Suppose -v = -3*w + 99. What is the hundreds digit of w?
1
Suppose 11*d + 89 - 23 = 0. Let i be ((-78)/(-9))/(d/9*-1). What is the hundreds digit of 2/(-13) - (-2329)/i?
1
Let g(x) = -x**2 - 3*x + 60. Let v be g(6). Suppose -1419 = 2*c - v*c + y, 5*y + 705 = 2*c. What is the tens digit of c?
5
Let u(d) = -d + 17. Let x be u(14). Suppose 5*y - 2*p = 173, -101 = -x*y + 3*p + 10. What is the tens digit of y?
3
Suppose 74 = -31*c + 8351. Let l = 290 - c. What is the tens digit of l?
2
Suppose 42 = -3*a - 3*q, a - 6*q - 16 = -q. What is the units digit of 3820/(-90)*a/2?
1
Let o(h) = 116*h**2 - 1. Let s be (-2)/1*2/(-4). Let p be o(s). Suppose -p = -k + 5*g, 0 = 3*k - g + 4*g - 255. What is the units digit of k?
0
Let k = 12729 - 6782. What is the thousands digit of k?
5
Suppose 3*k + u = 4286 - 504, 0 = 10*k - u - 12611. What is the thousands digit of k?
1
What is the tens digit of 30/(-55) - 4/((-264)/48942)?
4
What is the thousands digit of 7/252*215524 - (-18)/81?
5
Suppose 2*b - i = -1557, b + 3*i + 344 + 417 = 0. Let g = b + 1208. What is the tens digit of g?
3
Suppose 0 = 5*r - 4*w - 36978, 4*r - 3*w = 2*w + 29577. What is the thousands digit of r?
7
Let y = -311 + 313. What is the tens digit of (1028/(-2))/((-9)/27*y)?
7
Let b = -117 - -118. What is the tens digit of -260*(-15)/10 + b?
9
What is the hundreds digit of (5847/6)/1 - (-66)/(-132)?
9
Let o = -31 - -31. What is the hundreds digit of o/(-10 + 6) + 3 + 335?
3
Suppose 0 = 5*l - 4*g + 6, 0 = -4*l + g + g. Suppose -5*q - l*d + 1198 = 0, -q - 4*d + 258 = d. Suppose 4*t = q - 134. What is the tens digit of t?
2
Let b(m) = -73*m**2 + 11*m - 2. Let g(a) = -73*a**2 + 10*a - 2. Let y(f) = 3*b(f) - 4*g(f). What is the units digit of y(-3)?
0
Let h(v) = 90*v - 26. Let l(n) = -362*n + 103. Let s(r) = -9*h(r) - 2*l(r). What is the tens digit of s(-3)?
8
Let w(i) = 3*i**2 - 22*i + 56. Let c be 42/(-8)*8/(-3). What is the hundreds digit of w(c)?
3
Suppose -s = 5*r - 7, -4*s + 5*r - 49 = 48. Let z = -6 + s. What is the tens digit of (-1)/(-4) - 402/z?
1
Let n be (16 - 15)/((-2)/30). What is the tens digit of (1932/n)/(2/(-5))?
2
Let s be (-2)/(-3) - (-15)/45. What is the hundreds digit of (3996 + (-2 - 1))*s/3?
3
Suppose -5*t + 33 = -12. Suppose -t*x + 6*x = -6*x. What is the units digit of 451/11 + (x - 1)?
0
Let x be (4/14*-1)/((-17)/119). Suppose -o = -3, o - 670 = -x*y - 3*o. Suppose -y - 131 = -4*f. What is the hundreds digit of f?
1
Let t be ((-7)/(-35))/((-4)/10)*0. Suppose u + 5 + 3 = t. What is the units digit of 342/(-8)*-2*u/(-6)?
4
Let h = -7034 - -13155. What is the tens digit of h?
2
Suppose 0 = -2*b + 4, -2*o = -b - b + 48. Let y be (-2556)/o - 10/55. Suppose 3*c + c - y = 0. What is the tens digit of c?
2
Let k = -1047 - -1049. Let h(a) = 226*a**3 - a**2 + 4*a + 2. What is the tens digit of h(k)?
1
Let y be 70/(-14) - (0 + 1). Let b(s) = 17*s**2 - 7*s + 12. What is the hundreds digit of b(y)?
6
Let a(c) = 5*c**2 + 98*c + 858. What is the tens digit of a(57)?
8
Let c = 479 - 475. Suppose -n + 5*x + 140 = 0, 4*x = -c*n + x + 583. What is the tens digit of n?
4
Let t(j) = -8*j**3 - 177*j**2 - 22*j + 68. What is the tens digit of t(-23)?
7
Let k(h) = -32*h**2 - 2*h. Let r be k(-2). Suppose -8*m - d = -19*m - 19, d = -3. What is the tens digit of r/(-6) - (2/3)/m?
2
What is the hundreds digit of 9/(-63)*-133 + -13 + 1*68114?
1
Let a = -38608 - -64469. What is the units digit of a?
1
Let h(o) = 1034*o**3 - 24*o**2 + 93*o + 7. What is the units digit of h(3)?
8
Suppose 5718 = h + 3*a, 5*h + 9*a - 13*a = 28628. What is the tens digit of h?
2
Let b = -28686 + 55292. What is the ten thousands digit of b?
2
Suppose -2*b - d = 3*b - 5, -b + 1 = d. Let j be 311 - (b + -4 - -7 - 3). What is the tens digit of (j/10)/((-2)/(-6))?
9
Let m be (2/3)/(((-18)/(-6))/(-4014)). Let x = -242 - m. Suppose 13*j - x = 2366. What is the hundreds digit of j?
2
Let x = -20196 + 37948. What is the ten thousands digit of x?
1
Let y = 100 - 143. Let p = y - -46. Suppose -g - 4*m = -16, 5*g + p*m - 35 = -2*m. What is the units digit of g?
4
Let c = -17 - 136. Let m be 1242/c - (-2)/17. What is the units digit of (-277)/(-5) - m/(-20)?
5
Let l = 3347 - -8369. What is the tens digit of l?
1
Let u(g) = -14*g - 1. Let p be u(1). Let y be (-44)/(-20) - (-3)/p. Suppose 2*i + 236 = y*n + i, -5*n + 577 = 4*i. What is the units digit of n?
7
Suppose 2*x - 2*x = 6*x. Suppose -9*a - 3 - 24 = x. What is the units digit of (-1)/(a - (-302)/101)?
1
Let d = -625 + 622. What is the tens digit of 144*(1 - 0 - d)?
7
Suppose -17*q = 18*q - 39*q + 58144. What is the thousands digit of q?
4
Let s(c) = 22*c**2 + 42*c - 21. What is the units digit of s(-12)?
3
Let w(i) be the third derivative of -i**5/5 - i**4/2 + 2*i**3/3 - 4*i**2. Let q be w(3). Let m = q - -297. What is the hundreds digit of m?
1
Suppose 238*i - 243*i = -2920. Let u = i - 111. What is the tens digit of u?
7
What is the tens digit of (-43)/((-2886)/(-722) - -5*(-24)/30)?
2
Suppose 0 = -23*k + 5*k. Suppose -2*n + 4*v = -672, 2*n - 665 = -k*v - 3*v. What is the tens digit of n?
3
Let s(v) = v**3 + 73*v**2 - 22*v + 1232. What is the units digit of s(-43)?
8
Let z(l) = -l**3 + l**2 + 3*l - 6. Let r be z(4). Let s(q) = 13*q + 191. Let v be s(-15). What is the tens digit of (r/v)/((-12)/(-32))?
2
Let s(j) = 6*j**2 - 15*j - 48. Suppose -17*w = -23*w - 66. What is the tens digit of s(w)?
4
Let l = 1094 + -504. Suppose -4*q - 186 - 7 = -r, 3*r - l = q. What is the units digit of r?
7
Let p(t) = 21*t**2 - 77*t - 641. What is the thousands digit of p(-18)?
7
Let c = -203 - -205. Suppose -3*k = 4*o - 1152 - 218, -c*k - o = -920. What is the tens digit of k?
6
Let v = -5767 + 11807. What is the thousands digit of v?
6
Let j = 43 + -31. Let c be ((-16)/10)/(j/210). What is the units digit of -3 - -5 - c - 0?
0
Suppose 37 = 10*u - 13. Suppose -1301 = -u*r + 1549. What is the units digit of r?
0
Let v(g) = g**3 + 11*g**2 - 7*g - 4. Suppose t - i - 6 = 2*t, -12 = 3*t - 3*i. Let y be v(t). Let k = 267 - y. What is the units digit of k?
6
Let y(b) = -b**3 - 8*b**2 + 85*b + 13. What is the hundreds digit of y(-19)?
3
Let h be (-309)/(3/((-75)/5)). What is the units digit of 61 + -58 - h/(-1)?
8
Let r = -194 - -749. Suppose -11*y = r + 149. What is the tens digit of y/(-6) - (-6)/18?
1
Let j(a) = 20485*a**2 - 71*a - 32. What is the units digit of j(-2)?
0
Let g(y) = -42*y + 8. Let a be g(-17). Suppose a = -j + 258. What is the tens digit of 35/(-25) + 1 - j/10?
4
Let j be ((-15)/(-2) - 9)/(2/(-76)). Suppose 50*i - j*i = -2947. What is the units digit of i?
1
Suppose -1134711 - 617588 = -133*p + 861018. What is the tens digit of p?
4
Let p(x) be the first derivative of -19 - 17*x + 17/3*x**3 + 5*x**2 + 1/4*x**4. What is the units digit of p(-16)?
9
Suppose 107*v = 3*c + 104*v - 5376, -4*c - 3*v = -7161. What is the thousands digit of c?
1
Let m = 1817 - -15887. What is the thousands digit of m?
7
Let l = 223927 - 159011. What is the tens digit of l?
1
Let j(f) = -29*f**2 - 5*f + 5. Let d be j(1). What is the tens digit of (2 - d)/(1/3)?
9
Let n(r) = 15*r**3 + 6*r**2 + 53*r - 166. What is the units digit of n(3)?
2
Let q be 1*(5 + (2 - 6)). What is the tens digit of (5 - 7)*q - -409?
0
Suppose 306349 = 162*b - 3523979. What is the units digit of b?
4
Let o(t) = t**3 - t**2 - 23*t - 9. Let x be o(-4). Suppose -6*m + 2*m = x*y - 623, 2*y + 5*m - 406 = 0. What is the tens digit of y?
1
What is the tens digit of (7/224*80)/(2/9332)?
6
What is the units digit of ((-38)/(-57))/(22/194469)?
3
Suppose 0 = 4*n + 17291 - 119275. What is the thousands digit of n?
5
What is the units digit of (-1 - 0 - 0)/(-1*41/261826)?
6
Suppose -3*u + 6*u + 2*y - 5860 = 0, 7800 = 4*u + 6*y. What is the units digit of u?
6
Suppose -53 = -4*s + 3*s - 4*x, -145 = -3*s - 5*x. Suppose -2*h + 249 = -5*v, -s = 4*h + 3*v - 530. Suppose 2*l - h - 46 = 0. What is the tens digit of l?
8
Let r be (-1 - (0 + -10)) + 2/(-1). Suppose r